{"id":148,"date":"2026-05-27T10:42:46","date_gmt":"2026-05-27T08:42:46","guid":{"rendered":"https:\/\/beredd.com\/fi\/product\/osprey-ultralight-packing-cube-pakkauspussi-medium\/"},"modified":"2026-08-18T11:36:33","modified_gmt":"2026-08-18T08:36:33","slug":"osprey-ultralight-packing-cube-pakkauspussi-medium","status":"publish","type":"product","link":"https:\/\/beredd.com\/fi\/kauppa\/reput-pakkaus\/osprey-ultralight-packing-cube-pakkauspussi-medium\/","title":{"rendered":"Osprey Ultralight Packing Cube -pakkauspussi &#8211; Medium"},"content":{"rendered":"<ul>\n<li>\n<p style=\"text-align: start\">\u00b7\u00a0\u00a0\u00a0\u00a0\u00a0\u00a0\u00a0\u00a0 <strong>J-zip-avaus:<\/strong> pakkauspussissa on J-zip-avaus, joka mahdollistaa helpon p\u00e4\u00e4syn sis\u00e4lt\u00f6\u00f6n ja hyv\u00e4n yleiskuvan.<\/p>\n<p style=\"text-align: start\">\u00b7\u00a0\u00a0\u00a0\u00a0\u00a0\u00a0\u00a0\u00a0 <strong>Kaksisuuntainen vetoketju:<\/strong> kaksisuuntainen vetoketju mahdollistaa pakkauspussin nopean avaamisen ja sulkemisen halutulta puolelta.<\/p>\n<p style=\"text-align: start\">\u00b7\u00a0\u00a0\u00a0\u00a0\u00a0\u00a0\u00a0\u00a0 <strong>Kantokahva:<\/strong> jokaisessa pussissa on kest\u00e4v\u00e4 kantokahva.<\/p>\n<\/li>\n<\/ul>\n<table>\n<tbody>\n<tr>\n<td rowspan=\"1\" colspan=\"1\"><strong> <\/strong><\/td>\n<td rowspan=\"1\" colspan=\"1\"><strong>Small<\/strong><\/td>\n<td rowspan=\"1\" colspan=\"1\"><strong>Medium<\/strong><\/td>\n<td rowspan=\"1\" colspan=\"1\"><strong>Large<\/strong><\/td>\n<\/tr>\n<tr>\n<td rowspan=\"1\" colspan=\"1\"><strong>Tilavuus: <\/strong><\/td>\n<td rowspan=\"1\" colspan=\"1\">2 litraa<\/td>\n<td rowspan=\"1\" colspan=\"1\">4 litraa<\/td>\n<td rowspan=\"1\" colspan=\"1\">9 litraa<\/td>\n<\/tr>\n<tr>\n<td rowspan=\"1\" colspan=\"1\"><strong>Mitat:<\/strong><\/td>\n<td rowspan=\"1\" colspan=\"1\">17 x 11 x 10 cm<\/td>\n<td rowspan=\"1\" colspan=\"1\">22 x 15 x 12,5 cm<\/td>\n<td rowspan=\"1\" colspan=\"1\">32 x 20 x 17 cm<\/td>\n<\/tr>\n<\/tbody>\n<\/table>\n<p style=\"text-align: start\"><iframe loading=\"lazy\" title=\"Ultralight Travel Accessories \u2014 Packing and Organization \u2014 Product Tour\" width=\"1020\" height=\"574\" src=\"https:\/\/www.youtube.com\/embed\/VkoN9rkXhfg?feature=oembed\" frameborder=\"0\" allow=\"accelerometer; autoplay; clipboard-write; encrypted-media; gyroscope; picture-in-picture; web-share\" referrerpolicy=\"strict-origin-when-cross-origin\" allowfullscreen><\/iframe><\/p>\n","protected":false},"excerpt":{"rendered":"<p style=\"text-align: start\">J\u00e4rjestele matkalaukku k\u00e4tevill\u00e4 pakkauspusseilla. Tavarat pysyv\u00e4t erill\u00e4\u00e4n ja omilla paikoillaan laukussa. Pakkauspussi helpottaa tarvittavien tavaroiden l\u00f6yt\u00e4mist\u00e4 nopeasti ja avautuu helposti vetoketjulla. Valitse kolmesta eri koosta ja v\u00e4rist\u00e4.<\/p>\n","protected":false},"featured_media":142,"template":"","meta":[],"product_brand":[160],"product_cat":[76,36],"product_tag":[],"class_list":["post-148","product","type-product","status-publish","has-post-thumbnail","product_brand-osprey","product_cat-pakkauspussit","product_cat-reput-pakkaus","first","instock","taxable","shipping-taxable","purchasable","product-type-variable"],"yoast_head":"<!-- This site is optimized with the Yoast SEO Premium plugin v28.1 (Yoast SEO v28.1) - https:\/\/yoast.com\/product\/yoast-seo-premium-wordpress\/ -->\n<title>Osprey Ultralight Packing Cube -pakkauspussi - Medium - Beredd Suomi<\/title>\n<meta name=\"robots\" content=\"index, follow, max-snippet:-1, max-image-preview:large, max-video-preview:-1\" \/>\n<link rel=\"canonical\" href=\"https:\/\/beredd.com\/fi\/kauppa\/reput-pakkaus\/osprey-ultralight-packing-cube-pakkauspussi-medium\/\" \/>\n<meta property=\"og:locale\" content=\"fi_FI\" \/>\n<meta property=\"og:type\" content=\"article\" \/>\n<meta property=\"og:title\" content=\"Osprey Ultralight Packing Cube -pakkauspussi - Medium\" \/>\n<meta property=\"og:description\" content=\"J\u00e4rjestele matkalaukku k\u00e4tevill\u00e4 pakkauspusseilla. Tavarat pysyv\u00e4t erill\u00e4\u00e4n ja omilla paikoillaan laukussa. Pakkauspussi helpottaa tarvittavien tavaroiden l\u00f6yt\u00e4mist\u00e4 nopeasti ja avautuu helposti vetoketjulla. Valitse kolmesta eri koosta ja v\u00e4rist\u00e4.\" \/>\n<meta property=\"og:url\" content=\"https:\/\/beredd.com\/fi\/kauppa\/reput-pakkaus\/osprey-ultralight-packing-cube-pakkauspussi-medium\/\" \/>\n<meta property=\"og:site_name\" content=\"Beredd Suomi\" \/>\n<meta property=\"article:modified_time\" content=\"2026-08-18T08:36:33+00:00\" \/>\n<meta property=\"og:image\" content=\"https:\/\/beredd.com\/fi\/app\/uploads\/fi\/2026\/05\/ULCube_Medium_1.jpg\" \/>\n\t<meta property=\"og:image:width\" content=\"1000\" \/>\n\t<meta property=\"og:image:height\" content=\"1000\" \/>\n\t<meta property=\"og:image:type\" content=\"image\/jpeg\" \/>\n<meta name=\"twitter:card\" content=\"summary_large_image\" \/>\n<meta name=\"twitter:label1\" content=\"Saatavuus\" \/>\n\t<meta name=\"twitter:data1\" content=\"Varastossa\" \/>\n<script type=\"application\/ld+json\" class=\"yoast-schema-graph\">{\"@context\":\"https:\\\/\\\/schema.org\",\"@graph\":[{\"@type\":\"WebPage\",\"@id\":\"https:\\\/\\\/beredd.com\\\/fi\\\/kauppa\\\/reput-pakkaus\\\/osprey-ultralight-packing-cube-pakkauspussi-medium\\\/\",\"url\":\"https:\\\/\\\/beredd.com\\\/fi\\\/kauppa\\\/reput-pakkaus\\\/osprey-ultralight-packing-cube-pakkauspussi-medium\\\/\",\"name\":\"Osprey Ultralight Packing Cube -pakkauspussi - Medium - Beredd Suomi\",\"isPartOf\":{\"@id\":\"https:\\\/\\\/beredd.com\\\/fi\\\/#website\"},\"primaryImageOfPage\":{\"@id\":\"https:\\\/\\\/beredd.com\\\/fi\\\/kauppa\\\/reput-pakkaus\\\/osprey-ultralight-packing-cube-pakkauspussi-medium\\\/#primaryimage\"},\"image\":{\"@id\":\"https:\\\/\\\/beredd.com\\\/fi\\\/kauppa\\\/reput-pakkaus\\\/osprey-ultralight-packing-cube-pakkauspussi-medium\\\/#primaryimage\"},\"thumbnailUrl\":\"https:\\\/\\\/beredd.com\\\/fi\\\/app\\\/uploads\\\/fi\\\/2026\\\/05\\\/ULCube_Medium_1.jpg\",\"datePublished\":\"2026-05-27T08:42:46+00:00\",\"dateModified\":\"2026-08-18T08:36:33+00:00\",\"breadcrumb\":{\"@id\":\"https:\\\/\\\/beredd.com\\\/fi\\\/kauppa\\\/reput-pakkaus\\\/osprey-ultralight-packing-cube-pakkauspussi-medium\\\/#breadcrumb\"},\"inLanguage\":\"fi\",\"potentialAction\":[{\"@type\":\"ReadAction\",\"target\":[\"https:\\\/\\\/beredd.com\\\/fi\\\/kauppa\\\/reput-pakkaus\\\/osprey-ultralight-packing-cube-pakkauspussi-medium\\\/\"]}]},{\"@type\":\"ImageObject\",\"inLanguage\":\"fi\",\"@id\":\"https:\\\/\\\/beredd.com\\\/fi\\\/kauppa\\\/reput-pakkaus\\\/osprey-ultralight-packing-cube-pakkauspussi-medium\\\/#primaryimage\",\"url\":\"https:\\\/\\\/beredd.com\\\/fi\\\/app\\\/uploads\\\/fi\\\/2026\\\/05\\\/ULCube_Medium_1.jpg\",\"contentUrl\":\"https:\\\/\\\/beredd.com\\\/fi\\\/app\\\/uploads\\\/fi\\\/2026\\\/05\\\/ULCube_Medium_1.jpg\",\"width\":1000,\"height\":1000,\"caption\":\"Osprey Ultralight Packing Cube pakkauskuutio kokoa medium sininen\"},{\"@type\":\"BreadcrumbList\",\"@id\":\"https:\\\/\\\/beredd.com\\\/fi\\\/kauppa\\\/reput-pakkaus\\\/osprey-ultralight-packing-cube-pakkauspussi-medium\\\/#breadcrumb\",\"itemListElement\":[{\"@type\":\"ListItem\",\"position\":1,\"name\":\"Home\",\"item\":\"https:\\\/\\\/beredd.com\\\/fi\\\/\"},{\"@type\":\"ListItem\",\"position\":2,\"name\":\"Kauppa\",\"item\":\"https:\\\/\\\/beredd.com\\\/fi\\\/kauppa\\\/\"},{\"@type\":\"ListItem\",\"position\":3,\"name\":\"Osprey Ultralight Packing Cube -pakkauspussi &#8211; Medium\"}]},{\"@type\":\"WebSite\",\"@id\":\"https:\\\/\\\/beredd.com\\\/fi\\\/#website\",\"url\":\"https:\\\/\\\/beredd.com\\\/fi\\\/\",\"name\":\"Beredd Suomi\",\"description\":\"\",\"potentialAction\":[{\"@type\":\"SearchAction\",\"target\":{\"@type\":\"EntryPoint\",\"urlTemplate\":\"https:\\\/\\\/beredd.com\\\/fi\\\/?s={search_term_string}\"},\"query-input\":{\"@type\":\"PropertyValueSpecification\",\"valueRequired\":true,\"valueName\":\"search_term_string\"}}],\"inLanguage\":\"fi\"}]}<\/script>\n<meta property=\"og:availability\" content=\"instock\" \/>\n<meta property=\"product:availability\" content=\"instock\" \/>\n<meta property=\"product:condition\" content=\"new\" \/>\n<!-- \/ Yoast SEO Premium plugin. -->","yoast_head_json":{"title":"Osprey Ultralight Packing Cube -pakkauspussi - Medium - Beredd Suomi","robots":{"index":"index","follow":"follow","max-snippet":"max-snippet:-1","max-image-preview":"max-image-preview:large","max-video-preview":"max-video-preview:-1"},"canonical":"https:\/\/beredd.com\/fi\/kauppa\/reput-pakkaus\/osprey-ultralight-packing-cube-pakkauspussi-medium\/","og_locale":"fi_FI","og_type":"article","og_title":"Osprey Ultralight Packing Cube -pakkauspussi - Medium","og_description":"J\u00e4rjestele matkalaukku k\u00e4tevill\u00e4 pakkauspusseilla. Tavarat pysyv\u00e4t erill\u00e4\u00e4n ja omilla paikoillaan laukussa. Pakkauspussi helpottaa tarvittavien tavaroiden l\u00f6yt\u00e4mist\u00e4 nopeasti ja avautuu helposti vetoketjulla. Valitse kolmesta eri koosta ja v\u00e4rist\u00e4.","og_url":"https:\/\/beredd.com\/fi\/kauppa\/reput-pakkaus\/osprey-ultralight-packing-cube-pakkauspussi-medium\/","og_site_name":"Beredd Suomi","article_modified_time":"2026-08-18T08:36:33+00:00","og_image":[{"width":1000,"height":1000,"url":"https:\/\/beredd.com\/fi\/app\/uploads\/fi\/2026\/05\/ULCube_Medium_1.jpg","type":"image\/jpeg"}],"twitter_card":"summary_large_image","twitter_misc":{"Saatavuus":"Varastossa"},"schema":{"@context":"https:\/\/schema.org","@graph":[{"@type":"WebPage","@id":"https:\/\/beredd.com\/fi\/kauppa\/reput-pakkaus\/osprey-ultralight-packing-cube-pakkauspussi-medium\/","url":"https:\/\/beredd.com\/fi\/kauppa\/reput-pakkaus\/osprey-ultralight-packing-cube-pakkauspussi-medium\/","name":"Osprey Ultralight Packing Cube -pakkauspussi - Medium - Beredd Suomi","isPartOf":{"@id":"https:\/\/beredd.com\/fi\/#website"},"primaryImageOfPage":{"@id":"https:\/\/beredd.com\/fi\/kauppa\/reput-pakkaus\/osprey-ultralight-packing-cube-pakkauspussi-medium\/#primaryimage"},"image":{"@id":"https:\/\/beredd.com\/fi\/kauppa\/reput-pakkaus\/osprey-ultralight-packing-cube-pakkauspussi-medium\/#primaryimage"},"thumbnailUrl":"https:\/\/beredd.com\/fi\/app\/uploads\/fi\/2026\/05\/ULCube_Medium_1.jpg","datePublished":"2026-05-27T08:42:46+00:00","dateModified":"2026-08-18T08:36:33+00:00","breadcrumb":{"@id":"https:\/\/beredd.com\/fi\/kauppa\/reput-pakkaus\/osprey-ultralight-packing-cube-pakkauspussi-medium\/#breadcrumb"},"inLanguage":"fi","potentialAction":[{"@type":"ReadAction","target":["https:\/\/beredd.com\/fi\/kauppa\/reput-pakkaus\/osprey-ultralight-packing-cube-pakkauspussi-medium\/"]}]},{"@type":"ImageObject","inLanguage":"fi","@id":"https:\/\/beredd.com\/fi\/kauppa\/reput-pakkaus\/osprey-ultralight-packing-cube-pakkauspussi-medium\/#primaryimage","url":"https:\/\/beredd.com\/fi\/app\/uploads\/fi\/2026\/05\/ULCube_Medium_1.jpg","contentUrl":"https:\/\/beredd.com\/fi\/app\/uploads\/fi\/2026\/05\/ULCube_Medium_1.jpg","width":1000,"height":1000,"caption":"Osprey Ultralight Packing Cube pakkauskuutio kokoa medium sininen"},{"@type":"BreadcrumbList","@id":"https:\/\/beredd.com\/fi\/kauppa\/reput-pakkaus\/osprey-ultralight-packing-cube-pakkauspussi-medium\/#breadcrumb","itemListElement":[{"@type":"ListItem","position":1,"name":"Home","item":"https:\/\/beredd.com\/fi\/"},{"@type":"ListItem","position":2,"name":"Kauppa","item":"https:\/\/beredd.com\/fi\/kauppa\/"},{"@type":"ListItem","position":3,"name":"Osprey Ultralight Packing Cube -pakkauspussi &#8211; Medium"}]},{"@type":"WebSite","@id":"https:\/\/beredd.com\/fi\/#website","url":"https:\/\/beredd.com\/fi\/","name":"Beredd Suomi","description":"","potentialAction":[{"@type":"SearchAction","target":{"@type":"EntryPoint","urlTemplate":"https:\/\/beredd.com\/fi\/?s={search_term_string}"},"query-input":{"@type":"PropertyValueSpecification","valueRequired":true,"valueName":"search_term_string"}}],"inLanguage":"fi"}]},"og_availability":"instock","product_availability":"instock","product_condition":"new"},"_links":{"self":[{"href":"https:\/\/beredd.com\/fi\/wp-json\/wp\/v2\/product\/148","targetHints":{"allow":["GET"]}}],"collection":[{"href":"https:\/\/beredd.com\/fi\/wp-json\/wp\/v2\/product"}],"about":[{"href":"https:\/\/beredd.com\/fi\/wp-json\/wp\/v2\/types\/product"}],"wp:featuredmedia":[{"embeddable":true,"href":"https:\/\/beredd.com\/fi\/wp-json\/wp\/v2\/media\/142"}],"wp:attachment":[{"href":"https:\/\/beredd.com\/fi\/wp-json\/wp\/v2\/media?parent=148"}],"wp:term":[{"taxonomy":"product_brand","embeddable":true,"href":"https:\/\/beredd.com\/fi\/wp-json\/wp\/v2\/product_brand?post=148"},{"taxonomy":"product_cat","embeddable":true,"href":"https:\/\/beredd.com\/fi\/wp-json\/wp\/v2\/product_cat?post=148"},{"taxonomy":"product_tag","embeddable":true,"href":"https:\/\/beredd.com\/fi\/wp-json\/wp\/v2\/product_tag?post=148"}],"curies":[{"name":"wp","href":"https:\/\/api.w.org\/{rel}","templated":true}]}}

<ul>
<li>
<p style="text-align: start">·         <strong>J-zip-avaus:</strong> pakkauspussissa on J-zip-avaus, joka mahdollistaa helpon pääsyn sisältöön ja hyvän yleiskuvan.</p>
<p style="text-align: start">·         <strong>Kaksisuuntainen vetoketju:</strong> kaksisuuntainen vetoketju mahdollistaa pakkauspussin nopean avaamisen ja sulkemisen halutulta puolelta.</p>
<p style="text-align: start">·         <strong>Kantokahva:</strong> jokaisessa pussissa on kestävä kantokahva.</p>
</li>
</ul>
<table>
<tbody>
<tr>
<td rowspan="1" colspan="1"><strong> </strong></td>
<td rowspan="1" colspan="1"><strong>Small</strong></td>
<td rowspan="1" colspan="1"><strong>Medium</strong></td>
<td rowspan="1" colspan="1"><strong>Large</strong></td>
</tr>
<tr>
<td rowspan="1" colspan="1"><strong>Tilavuus: </strong></td>
<td rowspan="1" colspan="1">2 litraa</td>
<td rowspan="1" colspan="1">4 litraa</td>
<td rowspan="1" colspan="1">9 litraa</td>
</tr>
<tr>
<td rowspan="1" colspan="1"><strong>Mitat:</strong></td>
<td rowspan="1" colspan="1">17 x 11 x 10 cm</td>
<td rowspan="1" colspan="1">22 x 15 x 12,5 cm</td>
<td rowspan="1" colspan="1">32 x 20 x 17 cm</td>
</tr>
</tbody>
</table>
<p style="text-align: start"><iframe loading="lazy" title="Ultralight Travel Accessories — Packing and Organization — Product Tour" width="1020" height="574" src="https://www.youtube.com/embed/VkoN9rkXhfg?feature=oembed" frameborder="0" allow="accelerometer; autoplay; clipboard-write; encrypted-media; gyroscope; picture-in-picture; web-share" referrerpolicy="strict-origin-when-cross-origin" allowfullscreen></iframe></p>

<p style="text-align: start">Järjestele matkalaukku kätevillä pakkauspusseilla. Tavarat pysyvät erillään ja omilla paikoillaan laukussa. Pakkauspussi helpottaa tarvittavien tavaroiden löytämistä nopeasti ja avautuu helposti vetoketjulla. Valitse kolmesta eri koosta ja väristä.</p>

<!-- This site is optimized with the Yoast SEO Premium plugin v28.1 (Yoast SEO v28.1) - https://yoast.com/product/yoast-seo-premium-wordpress/ -->
<title>Osprey Ultralight Packing Cube -pakkauspussi - Medium - Beredd Suomi</title>
<meta name="robots" content="index, follow, max-snippet:-1, max-image-preview:large, max-video-preview:-1" />
<link rel="canonical" href="https://beredd.com/fi/kauppa/reput-pakkaus/osprey-ultralight-packing-cube-pakkauspussi-medium/" />
<meta property="og:locale" content="fi_FI" />
<meta property="og:type" content="article" />
<meta property="og:title" content="Osprey Ultralight Packing Cube -pakkauspussi - Medium" />
<meta property="og:description" content="Järjestele matkalaukku kätevillä pakkauspusseilla. Tavarat pysyvät erillään ja omilla paikoillaan laukussa. Pakkauspussi helpottaa tarvittavien tavaroiden löytämistä nopeasti ja avautuu helposti vetoketjulla. Valitse kolmesta eri koosta ja väristä." />
<meta property="og:url" content="https://beredd.com/fi/kauppa/reput-pakkaus/osprey-ultralight-packing-cube-pakkauspussi-medium/" />
<meta property="og:site_name" content="Beredd Suomi" />
<meta property="article:modified_time" content="2026-08-18T08:36:33+00:00" />
<meta property="og:image" content="https://beredd.com/fi/app/uploads/fi/2026/05/ULCube_Medium_1.jpg" />
	<meta property="og:image:width" content="1000" />
	<meta property="og:image:height" content="1000" />
	<meta property="og:image:type" content="image/jpeg" />
<meta name="twitter:card" content="summary_large_image" />
<meta name="twitter:label1" content="Saatavuus" />
	<meta name="twitter:data1" content="Varastossa" />
<script type="application/ld+json" class="yoast-schema-graph">{"@context":"https:\/\/schema.org","@graph":[{"@type":"WebPage","@id":"https:\/\/beredd.com\/fi\/kauppa\/reput-pakkaus\/osprey-ultralight-packing-cube-pakkauspussi-medium\/","url":"https:\/\/beredd.com\/fi\/kauppa\/reput-pakkaus\/osprey-ultralight-packing-cube-pakkauspussi-medium\/","name":"Osprey Ultralight Packing Cube -pakkauspussi - Medium - Beredd Suomi","isPartOf":{"@id":"https:\/\/beredd.com\/fi\/#website"},"primaryImageOfPage":{"@id":"https:\/\/beredd.com\/fi\/kauppa\/reput-pakkaus\/osprey-ultralight-packing-cube-pakkauspussi-medium\/#primaryimage"},"image":{"@id":"https:\/\/beredd.com\/fi\/kauppa\/reput-pakkaus\/osprey-ultralight-packing-cube-pakkauspussi-medium\/#primaryimage"},"thumbnailUrl":"https:\/\/beredd.com\/fi\/app\/uploads\/fi\/2026\/05\/ULCube_Medium_1.jpg","datePublished":"2026-05-27T08:42:46+00:00","dateModified":"2026-08-18T08:36:33+00:00","breadcrumb":{"@id":"https:\/\/beredd.com\/fi\/kauppa\/reput-pakkaus\/osprey-ultralight-packing-cube-pakkauspussi-medium\/#breadcrumb"},"inLanguage":"fi","potentialAction":[{"@type":"ReadAction","target":["https:\/\/beredd.com\/fi\/kauppa\/reput-pakkaus\/osprey-ultralight-packing-cube-pakkauspussi-medium\/"]}]},{"@type":"ImageObject","inLanguage":"fi","@id":"https:\/\/beredd.com\/fi\/kauppa\/reput-pakkaus\/osprey-ultralight-packing-cube-pakkauspussi-medium\/#primaryimage","url":"https:\/\/beredd.com\/fi\/app\/uploads\/fi\/2026\/05\/ULCube_Medium_1.jpg","contentUrl":"https:\/\/beredd.com\/fi\/app\/uploads\/fi\/2026\/05\/ULCube_Medium_1.jpg","width":1000,"height":1000,"caption":"Osprey Ultralight Packing Cube pakkauskuutio kokoa medium sininen"},{"@type":"BreadcrumbList","@id":"https:\/\/beredd.com\/fi\/kauppa\/reput-pakkaus\/osprey-ultralight-packing-cube-pakkauspussi-medium\/#breadcrumb","itemListElement":[{"@type":"ListItem","position":1,"name":"Home","item":"https:\/\/beredd.com\/fi\/"},{"@type":"ListItem","position":2,"name":"Kauppa","item":"https:\/\/beredd.com\/fi\/kauppa\/"},{"@type":"ListItem","position":3,"name":"Osprey Ultralight Packing Cube -pakkauspussi &#8211; Medium"}]},{"@type":"WebSite","@id":"https:\/\/beredd.com\/fi\/#website","url":"https:\/\/beredd.com\/fi\/","name":"Beredd Suomi","description":"","potentialAction":[{"@type":"SearchAction","target":{"@type":"EntryPoint","urlTemplate":"https:\/\/beredd.com\/fi\/?s={search_term_string}"},"query-input":{"@type":"PropertyValueSpecification","valueRequired":true,"valueName":"search_term_string"}}],"inLanguage":"fi"}]}</script>
<meta property="og:availability" content="instock" />
<meta property="product:availability" content="instock" />
<meta property="product:condition" content="new" />
<!-- / Yoast SEO Premium plugin. -->

Järjestele matkalaukku kätevillä pakkauspusseilla. Tavarat pysyvät erillään ja omilla paikoillaan laukussa. Pakkauspussi helpottaa tarvittavien tavaroiden löytämistä nopeasti ja avautuu helposti vetoketjulla. Valitse kolmesta eri koosta ja väristä.
